{"id":60,"date":"2020-07-22T14:35:35","date_gmt":"2020-07-22T15:35:35","guid":{"rendered":"http:\/\/practicare.cz\/?page_id=60"},"modified":"2026-02-24T08:15:38","modified_gmt":"2026-02-24T09:15:38","slug":"ke-stazeni","status":"publish","type":"page","link":"https:\/\/practicare.cz\/?page_id=60","title":{"rendered":"Ke sta\u017een\u00ed"},"content":{"rendered":"<div class=\"entry\">\n\n\n<ol class=\"wp-block-list\">\n<li><a aria-label=\"Prohl\u00e1\u0161en\u00ed posuzovan\u00e9 osoby ke sv\u00e9 zdravotn\u00ed zp\u016fsobilosti - prohl\u00eddka (otev\u0159e se na nov\u00e9 z\u00e1lo\u017ece)\" href=\"http:\/\/www.practicare.cz\/files\/Prohlaseni_ridice.pdf\" target=\"_blank\" rel=\"noreferrer noopener\">Prohl\u00e1\u0161en\u00ed posuzovan\u00e9 osoby ke sv\u00e9 zdravotn\u00ed zp\u016fsobilosti &#8211; prohl\u00eddka<\/a><a aria-label=\"Prohl\u00e1\u0161en\u00ed posuzovan\u00e9 osoby ke sv\u00e9 zdravotn\u00ed zp\u016fsobilosti - prohl\u00eddka na \u0158P (otev\u0159e se na nov\u00e9 z\u00e1lo\u017ece)\" href=\"http:\/\/www.practicare.cz\/Ke sta\u017een\u00ed\/Prohlaseni_ridice.pdf\" target=\"_blank\" rel=\"noreferrer noopener\"> na \u0158P<\/a><\/li>\n\n\n\n<li> <a aria-label=\"Posudek o fyzick\u00e9 a zdravotn\u00ed zp\u016fsobilosti pro v\u00fdkon funkce\n mysliveck\u00e9 str\u00e1\u017ee  (otev\u0159e se na nov\u00e9 z\u00e1lo\u017ece)\" href=\"http:\/\/www.practicare.cz\/files\/L\u00e9ka\u0159sk\u00fd posudek pro ustanoven\u00ed mysl. str\u00e1\u017ee.pdf\" target=\"_blank\" rel=\"noreferrer noopener\">Posudek o fyzick\u00e9 a zdravotn\u00ed zp\u016fsobilosti pro v\u00fdkon funkce<br> mysliveck\u00e9 str\u00e1\u017ee <\/a><\/li>\n\n\n\n<li><a aria-label=\"\u017d\u00e1dost o vyd\u00e1n\u00ed loveck\u00e9ho l\u00edstku (otev\u0159e se na nov\u00e9 z\u00e1lo\u017ece)\" href=\"http:\/\/www.practicare.cz\/files\/nb_04ZadOVydLovList.pdf\" target=\"_blank\" rel=\"noreferrer noopener\">\u017d\u00e1dost o vyd\u00e1n\u00ed loveck\u00e9ho l\u00edstku<\/a><\/li>\n\n\n\n<li><a aria-label=\"Potvrzen\u00ed o  zdravotn\u00ed zp\u016fsobilosti pro v\u00fdkon funkce ryb\u00e1\u0159sk\u00e9 str\u00e1\u017ee (otev\u0159e se na nov\u00e9 z\u00e1lo\u017ece)\" href=\"http:\/\/www.practicare.cz\/files\/formul\u00e1\u0159e - ryb\u00e1\u0159sk\u00e1 str\u00e1\u017e.doc\" target=\"_blank\" rel=\"noreferrer noopener\">Potvrzen\u00ed o  zdravotn\u00ed zp\u016fsobilosti pro v\u00fdkon funkce ryb\u00e1\u0159sk\u00e9 str\u00e1\u017ee<\/a><\/li>\n\n\n\n<li><a aria-label=\"\u017d\u00e1dost o vyd\u00e1n\u00ed ryb\u00e1\u0159sk\u00e9ho l\u00edsku (otev\u0159e se na nov\u00e9 z\u00e1lo\u017ece)\" href=\"http:\/\/www.practicare.cz\/files\/\u017d\u00e1dost - Ryb\u00e1\u0159sk\u00fd l\u00edstek.pdf\" target=\"_blank\" rel=\"noreferrer noopener\">\u017d\u00e1dost o vyd\u00e1n\u00ed ryb\u00e1\u0159sk\u00e9ho l\u00edsku<\/a><\/li>\n\n\n\n<li> <a href=\"http:\/\/www.practicare.cz\/files\/plp-posudek.pdf\" target=\"_blank\" rel=\"noreferrer noopener\">L\u00e9ka\u0159sk\u00fd posudek o pracovn\u011b-l\u00e9ka\u0159sk\u00e9 prohl\u00eddce &#8211; vzor <\/a>  <\/li>\n<\/ol>\n\n\n<\/div>","protected":false},"excerpt":{"rendered":"","protected":false},"author":1,"featured_media":0,"parent":0,"menu_order":0,"comment_status":"closed","ping_status":"closed","template":"","meta":{"om_disable_all_campaigns":false,"_monsterinsights_skip_tracking":false,"_monsterinsights_sitenote_active":false,"_monsterinsights_sitenote_note":"","_monsterinsights_sitenote_category":0,"_uf_show_specific_survey":0,"_uf_disable_surveys":false,"footnotes":""},"class_list":["post-60","page","type-page","status-publish"],"aioseo_notices":[],"_links":{"self":[{"href":"https:\/\/practicare.cz\/index.php?rest_route=\/wp\/v2\/pages\/60","targetHints":{"allow":["GET"]}}],"collection":[{"href":"https:\/\/practicare.cz\/index.php?rest_route=\/wp\/v2\/pages"}],"about":[{"href":"https:\/\/practicare.cz\/index.php?rest_route=\/wp\/v2\/types\/page"}],"author":[{"embeddable":true,"href":"https:\/\/practicare.cz\/index.php?rest_route=\/wp\/v2\/users\/1"}],"replies":[{"embeddable":true,"href":"https:\/\/practicare.cz\/index.php?rest_route=%2Fwp%2Fv2%2Fcomments&post=60"}],"version-history":[{"count":15,"href":"https:\/\/practicare.cz\/index.php?rest_route=\/wp\/v2\/pages\/60\/revisions"}],"predecessor-version":[{"id":539,"href":"https:\/\/practicare.cz\/index.php?rest_route=\/wp\/v2\/pages\/60\/revisions\/539"}],"wp:attachment":[{"href":"https:\/\/practicare.cz\/index.php?rest_route=%2Fwp%2Fv2%2Fmedia&parent=60"}],"curies":[{"name":"wp","href":"https:\/\/api.w.org\/{rel}","templated":true}]}}